 is p(-9)?
-1
Let b(f) be the second derivative of -f**5/20 + f**4/12 + 5*f**3/6 - f**2 + 10*f. Give b(3).
-5
Let z(k) = k**3 + k**2 + 2*k + 1. Suppose -4 = -5*j + 191. Let p = j + -40. Calculate z(p).
-1
Suppose -4*l - 30 = -7*l. Suppose -5*h + l = -2*t - 4, 4*t + h = -6. Let o(n) = 6*n + 3. Calculate o(t).
-9
Let t = 2 + 0. Let s(f) = -f**2 - f + 4. Let k be ((-45)/180)/(1/20). Let w(d) = -3*d**2 - 3*d + 9. Let b(z) = k*s(z) + t*w(z). Give b(-3).
-8
Let h(j) = -j**3 - 3*j**2 + 2*j. Suppose -6*m = -0*m + 24. Calculate h(m).
8
Let a(h) = h + 5. Let u = 2 + -2. Suppose -4*w - 7 = -z - 3, 3*w + 4*z - 16 = u. Determine a(w).
5
Let a(k) = -k + 18. Let t be (-12)/((-15)/6 - 0 - -1). Give a(t).
10
Let a(u) = 20*u - 27. Let m(v) = 9*v - 14. Let f(n) = -3*a(n) + 7*m(n). Calculate f(10).
13
Suppose 0 = -y - 5*y. Let r be 1*(-1)/(-4)*y. Let n(q) = q - 14. Give n(r).
-14
Let l(p) = p**2 - 1. Suppose 2*g + 15 - 5 = 0. Let i = -3 - g. Determine l(i).
3
Let z(v) = -3*v**3 - 2*v**2 + 3*v + 2. Let t(g) = -4*g**3 - 2*g**2 + 3*g + 3. Let u(d) = -4*t(d) + 5*z(d). Let h be (0 + 1)/1*(-9 - -11). What is u(h)?
4
Let h = 30 + -23. Let p(x) = 0*x**2 + x**2 - 2 - 9*x - x**3 + h*x. Calculate p(-2).
14
Let i(r) be the third derivative of -r**5/60 - r**4/4 - r**3/3 + r**2. Let b(f) = -2*f**3 - 10*f**2 - 5*f - 4. Let o be b(0). What is i(o)?
6
Let o = 8 - 5. Suppose 5*p + o = 2*p. Let c(l) = 14*l. Calculate c(p).
-14
Let m(q) = 2*q + 6. Let n be 68/(-16) + (-14)/(-56). Determine m(n).
-2
Let h be (3 - (2 + 0))/(-1) + 14. Let v be (h + -1)*2/4. Let d(y) be the first derivative of -y**4/4 + 2*y**3 + y**2/2 - 4*y + 1. Determine d(v).
2
Let j be (-3 + (-3)/(-6))*6/(-30). Let z(b) be the second derivative of -j*b**2 - 1/6*b**3 + b - 1/12*b**4 + 0. What is z(0)?
-1
Let z(l) = l**2 + 5*l - 1. Let s be (-12)/16 + (-298)/8 + -4. Let p = -46 - s. Calculate z(p).
-5
Let z(s) = 7*s - 9. Let q(k) = 67*k + 137. Let r be q(-2). What is z(r)?
12
Suppose 7*v - 43 = -260. Let c = v + 26. Let b(x) = -4 - x - 7 + 1. Calculate b(c).
-5
Let r(i) = i**3 + 4*i**2 - 6*i + 3. Let s = 425 - 430. Determine r(s).
8
Let o(l) = l**2 + 4*l - 6. Let y(n) = 18*n - 150. Let s be y(8). Determine o(s).
6
Let r = -576 + 576. Let h(z) = z**2 - 24. Give h(r).
-24
Let a = -53 + 37. Let v = 24 - a. Let d = 38 - v. Let q(y) = -2*y**2 - 1. Give q(d).
-9
Let h(c) be the second derivative of c**4/12 - 2*c**3/3 - c**2/2 + c. Suppose -3*y - w + 7 = -0*y, 3*y + 3*w + 3 = 0. Determine h(y).
-1
Let v(o) be the first derivative of -2*o**3/3 + 3*o**2 + 9*o - 202. Give v(4).
1
Let b(h) = -35 + 2*h + h + 77 - 38 - 27. What is b(12)?
13
Suppose 15*v = 9*v + 6. Let r(d) = -23*d**2 + 1. Calculate r(v).
-22
Let n(q) = -2*q + 2. Let s(p) = 3*p - 11. Let z(d) = n(d) + s(d). What is z(3)?
-6
Let o(s) = -s + 11. Suppose -3*g + 6 = 3*k - 6, -48 = -5*g + 2*k. Let a be o(g). Let x(l) = 3*l**2 + 1 - 6*l**2 - 2 - 2*l**2 + l**a. Determine x(5).
-1
Suppose 0 = 3*r - 3*o - 84, 0 = -2*r + 2*o + o + 60. Let j(n) = -25*n**2 + 4 + r*n**2 - 3*n + 4*n. Determine j(-4).
-16
Let x(v) = v**3 - 8*v**2 - v + 8. Suppose 2635*w = 2644*w - 63. Give x(w).
-48
Let k(f) be the second derivative of 2*f**2 - 4*f + 1/3*f**3 + 0. Let u(c) = -c**2 - 4*c - 4. Let g be u(-4). Give k(g).
-4
Let z(a) be the second derivative of 3*a**5/20 + a**4/12 + a. Let j = -28 + 27. Give z(j).
-2
Let i(f) = -9 - 4 + 3 + 4*f + 3. Determine i(3).
5
Suppose 6*z - 5*z - 2 = 0. Let j(v) = 3*v**3 + v + v - 3*v**2 - 4*v**3 - v**z. Let c = -213 - -209. Determine j(c).
-8
Let c(v) = -13*v - 3. Let i(w) = 134*w + 36. Let l(k) = -10*c(k) - i(k). Suppose -4 - 20 = 4*s. Determine l(s).
18
Let y(n) = -2*n - 4. Let o(h) = 3*h + 5. Let j(i) = 4*o(i) + 5*y(i). Let d(r) = 3*r + 11. Let x be d(-4). Determine j(x).
-2
Suppose 6*d = 3*d. Let r(b) be the second derivative of -3*b**2 + 7*b - 1/12*b**4 + 4/3*b**3 + d. Determine r(5).
9
Let b = -4 + 8. Let o = 248 - 248. Suppose -b*j = -o*j. Let c(h) = h + 4. Determine c(j).
4
Let p(y) = 3*y**2 - 2*y - 4. Let r(j) = j**2 + 3*j - 20. Let u be r(-7). Suppose u*g - 21 = g. Calculate p(g).
17
Let d(i) = i**3 + 5*i**2 - 2*i - 5. Let r be ((-10)/3)/(5/15). Let s be 1 + (-12)/(2 - 0). Let z = r - s. What is d(z)?
5
Suppose 8*c = 4*c + 16. Suppose k - 15 = -c*k. Let b(h) = 2 + h + 2*h**2 - k*h**2 - h**2 - 3*h. Calculate b(-3).
-10
Let k(y) = y**3 + 2*y**2 + 2*y + 2. Let a be (3/9*-3)/((-4)/(-8)). Determine k(a).
-2
Let z(j) = -4 - 34*j - 30*j + 67*j. Suppose -6*g + 2*g = -l + 7, l + 2 = -5*g. Calculate z(l).
5
Let h(n) = -n**3 - 5*n**2 - 3*n + 4. Suppose -85 = -5*r - 5*p, 3*r = 2*p - 3*p + 43. Let o be (0/2 - r)*-1. Let y = o - 17. Calculate h(y).
0
Let h(k) = -k + 2. Suppose 0 = 3*i + 33 - 9. Let z be -6*(-4)/i + 19. Let f be (-4)/(z/(-12)) + 0. Give h(f).
-1
Let k(s) = 2 - 3*s - 3*s - 14*s + 19*s - 2*s. Give k(4).
-10
Let p(z) = z**3 + 9*z**2 + 9*z - 7. Suppose -5*h = 54 + 26. Let i = -24 - h. Calculate p(i).
-15
Let r(v) = -5*v + 14. Let m(k) = 3*k - 9. Let u(n) = 8*m(n) + 5*r(n). Suppose 8*a + 7*a + 60 = 0. Determine u(a).
2
Let t(z) = -7*z**2 + 29*z**3 - 30*z**3 - 1 - z + 0*z. Calculate t(-7).
6
Let g(v) be the third derivative of v**6/120 + v**5/12 - v**4/24 + v**3/3 - 72*v**2. Let m be -2*3 - (2 - 4). What is g(m)?
22
Let o(m) be the first derivative of m**4/2 - 2*m**3/3 - 3*m**2/2 + 3*m - 16. Let q = -3 + 5. Suppose 0*j - j + q = 0. Calculate o(j).
5
Let o(q) = q**3 + 5*q**2 + 7. Let r be (-7)/(-2)*150/105. Let f be (r - 8)/3*(6 - 1). What is o(f)?
7
Let d(l) = 5*l - 1. Let m(f) = -2*f + 34. Let r be m(14). Let t be (-1)/(r - 3 - 2). Determine d(t).
-6
Let k(q) be the third derivative of -q**6/120 + q**4/8 - 2*q**3/3 + 12*q**2 - 3*q. Give k(2).
-6
Suppose -8 + 11 = m. Suppose 7 = b + 5*r - m, 0 = -5*b - r - 46. Let c = b + 11. Let u(d) = -5*d - 1. Determine u(c).
-6
Let p = -4 - -9. Let r be (-18)/(-30) - (-2)/p. Let x(o) = 2 - o**2 + 3 - 4 - 2*o. Determine x(r).
-2
Let o(y) = 4*y**2 - 3*y + 121. Let d(z) = -11*z**2 + 9*z - 323. Let w(h) = 3*d(h) + 8*o(h). Let a(r) = -r**3 + r**2 + 2*r + 1. Let v be a(-1). Determine w(v).
1
Let m(h) = -4*h - 304 + 305 + h**3 + 0*h**2 + 3*h**2. Calculate m(-4).
1
Let o(y) = y**3 + y**2 + y + 2. Suppose 0 = -3*v + 5*u + 46, 2*v - 2*u - 34 - 2 = 0. Suppose 14 = -v*b + 15*b. Give o(b).
-4
Let x(g) = g**2 - 8*g + 5. Let v(o) = 2*o**2 - 22 + 29 - o**2 - 8*o. Let s be v(8). What is x(s)?
-2
Let m(n) = -n**3 + 6*n**2 - 2*n - 1. Let o(r) = -r**3 + 13*r**2 + r - 8. Let c be o(13). Calculate m(c).
14
Let b = 24 - 43. Let t = b - -25. Let z(g) = -g**3 + 6*g**2 + 2*g + 1. What is z(t)?
13
Let a(p) = 3*p**2 - p + 2. Let j(z) = 13*z**2 - 6*z + 9. Let g(c) = -9*a(c) + 2*j(c). What is g(-3)?
0
Let n = 413 - 406. Let i(g) = g**3 - 6*g**2 - 6*g - 3. Give i(n).
4
Suppose g + 5 - 8 = 0. Suppose m - 11 = g*q, 0 = -5*q + 5*m - 3*m - 20. Let v(d) = -d**2 - d**3 + 0*d**3 - d - 3*d**2. Give v(q).
-6
Suppose -3*n - 23 + 53 = 0. Let h(i) = 0 - 30*i**2 + n + 7*i + 29*i**2. Determine h(8).
2
Let j(y) = -y**3 - 2*y**2 + 11*y - 5. Suppose 150*m - 3 = -v + 148*m, 3*m - 32 = 4*v. Determine j(v).
15
Let s = -16 - -16. Let a be (1 - s) + 2 + 2. Let x(t) = -10*t**2 - 4 + 8 + 11*t**2 - 6*t. Calculate x(a).
-1
Let h(g) = g**2 - 5*g - 4. Suppose -x - 5 = -2*f, 6*f - 3*f = -4*x - 64. Suppose 8*c = 4*c - 32. Let z = c - x. Give h(z).
-4
Suppose 0 = -16*z - 138 + 42. Let o(j) = j**3 + 5*j**2 - 6*j - 4. Give o(z).
-4
Let j(l) = l**3 - l + 19. Let t = 240 + -240. Calculate j(t).
19
Let u = -1638 - -1634. Let m(s) = -s - 7. Calculate m(u).
-3
Suppose 6 = 2*y + 3*k, 0 = k - 0*k. Suppose -2*p + x + 1 + 4 = 0, 0 = 3*p - 3*x. Suppose -4*u - p = y. Let q(g) = -g**2 - 2*g - 3. Determine q(u).
-3
Let w(i) = -i**3 - 12*i**2 - 30*i - 36. Let v be w(-9). Let x(y) = -y**2 - 10*y + 2. Give x(v).
11
Let x be (-1)/(2*1/2). Let b be (16/14)/((-10)/(-70)). Let a(w) = 2*w - 3*w + b*w + 0 + 1. What is a(x)?
-6
Let c = 21 - 24. Let x be ((0 + 1)*1)/(-1). Let u(g) = g**3 - g + 1. Let h(w) = -3*w**3 - 4*w**2 - 2*w - 6. Let m(b) = x*h(b) - 2*u(b). Give m(c).
1
Suppose 4*r + 5*u = 160, -4*r + 122 = 3*u - 38. Suppose b + 3*b = r. Suppose 0 = -5*p - 2*h - 38, 5*p + b = -h + 6*h. Let m(i) = i**2 + 4*i - 8. Calculate m(p).
4
Let i(k) = -k**2 + 6*k - 3. Let f(w) = w**2 + 12*w + 3. Let u(t